of (-2 - 10) + 16 - (-1 + 0)?
5
What is the value of -3 - (-2 - (-15 + 18))?
2
Evaluate -10 + (9 - 21 - -29).
7
Calculate -2 - 2 - (-2 - 4 - (8 - 13)).
-3
Calculate -8 + 11 + -3 + -33 - -8 - 2.
-27
What is the value of 5 - (-5 + (-13 - -19 - (-1 - 3)))?
0
Calculate 40 + 34 + -39 + 7.
42
What is 1 - 34 - -14 - -14 - (-3 - 0)?
-2
Calculate -2134 + 2145 - ((-2 - -38) + (-4 - -2)).
-23
Calculate 16 + -1 + 2 + (-5 - (5 - 2)).
9
What is the value of (-12 - (-58 + 20)) + -12 + 1?
15
Evaluate 1 + -3 + -57 + 57 + -3.
-5
What is (-3 - 1 - ((-14 - -5) + 7)) + -1?
-3
What is the value of (3 + -105 - -111) + (31 - -1)?
41
Evaluate (-37 - (-5 + -7)) + (7 - 1).
-19
Calculate 1 - -15 - (-16 - -14).
18
What is 19 + -21 - 12 - -27?
13
What is (5 - 20) + (-55 - -63)?
-7
What is (-25 - (-17 - -2)) + 15 + -21 + 1?
-15
Calculate 2 + (6 - 7) + -6 - -1 - -16.
12
What is (-10 - -1) + 1 + 4 - (4 + 0)?
-8
8 - 7 - 1 - 4
-4
What is 9 + -3 + (-3 - -7 - 24) - -4?
-10
What is the value of -723 + 744 - (-2 - -21)?
2
Calculate 11 + -15 - (4 - (19 - -5) - 3).
19
-5 - (-2 - 34 - (-24 + 14))
21
What is the value of (1740 - 1700) + -15 + 0?
25
What is the value of -1 + 14 - ((14 - 12) + 8)?
3
(9 - 6 - -12) + (10 - 7) + 0
18
6 + (-4 - -1 - (4 + -7))
6
What is -26 - (-10 + 19 + -9)?
-26
Evaluate (13 + -15 - (14 - 0)) + 4.
-12
What is -5 + 10 - (-19 - (-1 + -9))?
14
Calculate (4 - -1) + -41 + 2 + 8 + 2.
-24
7 + (-2 - (6 - 2 - 6 - 6))
13
18 + (-10 - (1 - 2)) - 0
9
What is 1 + (22 - 2) - ((2 - 7) + 10)?
16
What is -6 - (-63 - (-15 + -16))?
26
What is the value of 5 - -5 - (-2 + 10) - -5?
7
Calculate (-6 - (-11 - -1)) + -1 + 4.
7
Calculate 16 - (3 + 0 + 0 - (10 + -12)).
11
What is the value of 9 - (3 + 2) - (1 + 2 + 3)?
-2
What is the value of -6 + -17 + 14 + 5?
-4
9 - (-15 - -10) - -1
15
What is the value of -4 + -22 + 30 + -12?
-8
Evaluate -7 - -12 - (21 + -15).
-1
What is 7 + (-28 - -8) - -14 - -9?
10
What is the value of -1 - ((8 - 6) + 0 + 2 + 2)?
-7
Calculate -49 + -17 + 15 - -31.
-20
What is the value of (-1 + 1 - -8) + -8?
0
What is the value of (-3 - (-5 + 14)) + 1 + (-1 - 1)?
-13
Calculate 63 - 88 - (-9 - 1) - -10.
-5
Calculate -23 - ((-6 - 8 - -3) + 8 + -1).
-19
What is the value of -27 + 0 + -3 - ((-27 - -13) + 10)?
-26
Evaluate -23 - -18 - (3 - (9 + -4 + 1)).
-2
What is the value of (187 - 200) + 13 + 0?
0
Evaluate 33 + -4 - (33 + -13).
9
Evaluate -19 + -1 + 21 + -11 + -6.
-16
Evaluate (49 - 62) + -3 - (-34 + -1).
19
What is the value of 22 - (9 + 19) - (2 - -10)?
-18
Evaluate -25 + 46 - 15 - -5.
11
What is 3 + -17 - (-142 - -145)?
-17
Evaluate 4 - (-21 + 25) - 21.
-21
0 - (-7 + 14 + -26) - (3 + 1)
15
(129 - 124) + (-25 - 1) + 5
-16
Calculate -2 - -25 - (4 + 8).
11
Evaluate 3 - 14 - (52 + -50).
-13
-4 + 19 - 19 - 17
-21
What is the value of 0 - 32 - (-268 + 248)?
-12
-15 - ((-11 - (-7 + 1)) + 7 - 1)
-16
7 - (-8 + (1 - (5 + -5 + -7)))
7
Evaluate (5 - (15 + -5) - (6 + -10)) + 7.
6
(0 - -4) + -10 + (-12 - 3) + 11
-10
Evaluate (-97 - -105) + (-1 - 14) + (16 - 0).
9
5 + -51 + -93 + 99
-40
What is the value of -5 + -18 + 38 + 7?
22
What is -24 - (-6 + (-12 - 13))?
7
What is the value of (-384 - -381) + -4 + -1 + 1 + 1?
-6
What is the value of 22 + -1 + -19 + -12?
-10
Calculate (-12 - (-7 - 12) - 3) + -2 + -2.
0
Calculate -4 + 0 - ((11 - 6) + -3).
-6
Calculate (-7 - -4 - 0) + 22 + 8 + -8.
19
Calculate (3 - -30) + -161 + 154.
26
What is the value of -5 + -1 + 20 + -24?
-10
Evaluate -47 + -10 + 20 + 18.
-19
What is (-259 - -255) + -3 + 9?
2
Evaluate 7 + (0 - 3 - -2) + 6.
12
What is (1 - -2) + (17 - 90) + 91?
21
What is the value of 5 + (2 - (6 - (3 - -3))) - 19?
-12
Calculate 5 - 19 - -26 - (0 - 6).
18
Evaluate 12 + (-4 - 5) + -26 - -12.
-11
Evaluate 4 + 8 - -1 - (34 + -30).
9
What is -7 + 63 - 25 - 23?
8
(-11 - (-15 - 5)) + (2 - 7) + -1
3
What is the value of 27 + 20 + -16 + -19?
12
What is -50 - (45 + -99) - (-1 + 4 - -2)?
-1
What is (8 + 13 - 15) + -11?
-5
Calculate -7 - (73 + -59 + 1 + -11).
-11
What is 9 + (27 - 6 - 11)?
19
Calculate 2 + (1 - 1 - 5) - (2 - -5).
-10
What is 142 + -141 - (0 + -6 - (0 + 0))?
7
Evaluate 12 + -32 + (21 - 15 - 2).
-16
What is the value of -11 - (-10 + (41 - 26))?
-16
What is the value of 25 + -33 - (-2 - 12) - (11 - -1)?
-6
What is the value of (4 - 5 - (0 - -11 - 16)) + -10?
-6
What is the value of -7 - (-8 + (-13 - -24) + 2)?
-12
-3 + 15 + 2 + 2 - (-2 - -8)
10
What is the value of (-3 + 0 - (38 + -45)) + (17 - 9)?
12
What is -3 + -9 + 31 + -10 + -1?
8
Calculate -3 + (12 - (9 + 0) - -4).
4
What is the value of -4 - -9 - (11 - 15 - -6)?
3
What is (99 - 105) + (-1 - 3)?
-10
Evaluate (-8 + 3 - -7) + -17.
-15
What is (-10 - -9) + (-25 - (1 + -4 - -5))?
-28
What is 1 - 27 - (1496 - 1529)?
7
What is the value of 5 - (-3 + 14 + (7 - 2))?
-11
What is the value of -29 + (-12 - -42) - 10?
-9
What is the value of -2 + (1 - -2) - (350 - 366)?
17
-2 - -11 - -2 - (-5 + 22 + -20)
14
10 + (-4 - 0) - (18 + -17 + 12)
-7
Calculate (-14 - -9 - -1) + 18.
14
What is the value of 0 - -4 - (-10 - (-12 + 11))?
13
Evaluate (-39 + -3 - -95) + -26.
27
What is the value of -2 + -30 + -4 + (0 + -3 - -13)?
-26
What is the value of 10 + -7 + -8 + 4 - 9?
-10
What is the value of 3 + 9 - 10 - ((1 - 1) + -11)?
13
(-5 - -2) + 34 + -17 + (17 - 6)
25
What is (-12 + 6 - 3) + 25 + (7 - -7)?
30
What is the value of 5 - 11 - 0 - -2 - (-5 - -9)?
-8
What is 157 + -76 + -76 + (-5 - 0 - 0)?
0
Evaluate -38 - (-39 + 3 + 13 + 11).
-26
-10 + (4 - (-12 - -13)) - (1 - -2)
-10
Calculate (-19 + 27 - 17) + 1 + 1 + 3.
-4
Evaluate -9 - (16 + 14 + -14).
-25
What is the value of 19 + (-10 - (0 - (5 + 3)) - 5)?
12
-20 + 6 + (16 - -15) - -6
23
Calculate 2 + -13 + (-15 - -47) + -8.
13
Calculate (16 - 34) + (8 - -11).
1
0 + 0 + (16 - 25) + 4
-5
4 - ((-3 - 6) + 2 + 2)
9
What is the value of -3 + 8 - ((16 - 6) + (-16 - 0))?
11
What is the value of -1012 - -1010 - (5 - (0 - 1))?
-8
What is 14 + -14 + (10 - (17 - 9))?
2
Calculate (2 - 5) + 0 + 1 + -4 - -1.
-5
Calculate 60 - 58 - (17 + -2 + 1).
-14
What is the value of 27 + 2 - (629 + -630)?
30
What is -112 + 63 - -47 - (1 - -3 - 1)?
-5
Evaluate 3 + 36 + (-29 - -8).
18
What is 1 + 2 + (-9 - -6) + -229 + 219?
-10
What is -10 - (-2 + 2 + -4 - (-762 + 750))?
-18
What is 0 + (10 + -1 - (13 + -6)) - -2?
4
What is 18 + 10 - 17 - -7?
18
(-24 - -59 - 18) + -21
-4
What is (3 - -3) + (19 - 15)?
10
Calculate 12 + -2 + -20 + 14 - 6.
-2
Calculate -20 + 28 + 9 - 28.
-11
Calculate -3 - -3 - (35 + -28).
-7
What is (56 - 68 - (-7 + (-9 - -5))) + 9?
8
Calculate -21 - (10 + 3 + -9 + 13 - 9).
-29
-1 + ((-23 - -2) + 9 - -17)
4
What is the value of 7 + -20 + -4 + 22?
5
2 - (0 - 5) - (26 + 9 - 16)
-12
What is (8 - 1 - 2 - 0) + -4 + -5?
-4
54 + -40 + -1 + -5 + 4
12
What is the value of 8 + -1 + 3 - ((31 - 39) + -12)?
30
What is the value of -12 - (-4 + 5 + -3 + -5 + 1)?
-6
What is the value of 18 + -29 - 1 - (-2 - 1)?
-9
5 + -1 - (8 - 17 - 0)
13
What is -4 + 8 + -13 + 5 + 8?
4
Evaluate 1 + -5 - (4 + 3 + 0).
-11
Calculate 1 + -4 + 21 + -10 - (-1 - 1).
10
Calculate -14 - (8 + (-12 - (-2 - 4))) - -3.
-13
Calculate (7 - 1) + 9 + (-12 - -13) - -3.
19
Evaluate 10 + -14 + 7 - 4.
-1
Evaluate -2 - -3 - (7 + -2 + (-5 - -2)).
-1
Evaluate 15 + 4 + (7 + -21 - -6).
11
-3 + 11 + (-9 - (7 + -4)) + -33
-37
-4 - -1 - -7 - -4 - (-32 + 37)
3
Evaluate -7 + (5 - -5 - -8) + -8.
3
-2 + 14 - (15 - 9)
6
What is 8 + 7 + (-12 - 0) + 7 - -26?
36
Calculate 11 - (7 + 7 - 10 - -5).
2
Evaluate -7 + -1 + 0 + 32 + (196 - 213).
7
Evaluate -43 - -42 - (-20 + -2 - 1) - 4.
18
What is the value of (13 - 6) + 3 - -12?
22
What is the value of (-7 - -10) + -6 + -5?
-8
What is -107 + 96 + -1 + 0?
-12
Calculate 8 - 17 - (7 - 14) - 0.
-2
What is the value of -6 - (-39 + -43) - 42?
34
What is the value of -3 + -1 - (10 + -13) - (-119 - -125)?
-7
What is the value of -5 + (14 - 14) + (2 - (-3 + 0))?
0
What is -9 + (-8 + 12 + -1 - 6)?
-12
What is 5 - (3 + 1 + -1 - 5)?
7
What is (-51 - -60) + -21 + 1 + -13?
-24
What is 8 + (-2 + 15 + -10 - (-2 - 5))?
18
Evaluate 15 - (3 - -20) - -13.
5
What is the value of (157 - 151) + -10 + -1?
-5
-14 - (3 + -5) - 14
-26
Calculate -17 + 0 + 1 + (-993 - -1045).
36
Evaluate -2 - (5 + -19 + -5).
17
What is the value of -39 - ((-16 - -1) + -9)?
-15
Evaluate 22 + (13 - 0) + -18 + 2.
19
What is 3 - (-12 